= w + -6. Calculate the remainder when r is divided by 5.
3
Let l = -127 + 240. Let z = l + -95. What is the remainder when 34 is divided by z?
16
Suppose -12*b + 15*b = n + 207, 0 = -2*b + 5*n + 138. What is the remainder when b is divided by 25?
19
Let x = -614 + 903. What is the remainder when (-2)/5 - x/(-85) is divided by 3?
0
Suppose 11*s - 4 = 238. What is the remainder when 217 is divided by s?
19
Let g = 821 + -802. Calculate the remainder when 123 is divided by g.
9
Let r(t) = -t - 4. Let v(n) = -2*n**2 + 5*n + 2. Let o be v(4). Suppose 0 = 7*y - 4*y - 6. What is the remainder when r(o) is divided by y?
0
Let i(m) = m**2 + 12*m - 34. Suppose 2*o = 4*o + 34. Calculate the remainder when i(o) is divided by 26.
25
Suppose -4*a - 4*o + 21 - 9 = 0, 3*a = 2*o + 19. Suppose -141 = -a*h + 3*p + 28, -h = p - 37. Calculate the remainder when 102 is divided by h.
32
Let c be (-2)/18*-6*-6. Suppose p = w + 117, 0 = -5*p - 5*w - 0*w + 565. Calculate the remainder when p is divided by (-263)/(-9) + c/18.
28
Let y(u) = -15*u + 48. What is the remainder when y(-7) is divided by 11?
10
Suppose 0*n = -5*n + 45. Let y(c) = c**2 - 8*c - 4. Let w be y(n). Suppose 5*s + 25 = 5*m, 9 = w*m + 3*s - 0*s. What is the remainder when 7 is divided by m?
1
Suppose 6*l = 84 + 420. What is the remainder when l is divided by 29?
26
Suppose 0 = -3*m + 7*m - 4. Let a = m - -26. What is the remainder when 51 is divided by a?
24
Let f = 21 - 201. Let m be (-1)/((-1)/(-45) - 14/63). Calculate the remainder when (-2 + 1)/(m/f) is divided by 13.
10
Suppose -4*n = -215 - 121. Calculate the remainder when (n/10)/(63/210) is divided by 15.
13
Let b = 42 + -25. Suppose -5 = 3*n - b. Suppose 3*k - 37 = -4*f - 0*f, 5*k = -n*f + 51. What is the remainder when 11 is divided by k?
4
Suppose -27 = -3*t + 5*i, 19 = 3*t - 2*i - 8. Suppose 15 + t = 4*h. What is the remainder when (-4)/6 - 68/(-3) is divided by h?
4
Let c = 54 - 116. Calculate the remainder when (c/4)/((-7)/14) is divided by 8.
7
What is the remainder when 58 is divided by ((-3)/(-12))/((-7)/(-140))?
3
Let l = -470 - -485. Suppose g - 42 = -4*i + 3*i, 2*g - 4*i - 60 = 0. Calculate the remainder when g is divided by l.
8
Suppose -4*f + 2184 = 20*f. What is the remainder when 175 is divided by f?
84
Let s(o) be the second derivative of 97*o**4/12 + o**3/6 - o**2/2 - 9*o. Calculate the remainder when s(1) is divided by 33.
31
Let t(w) = 10*w**3 + 2*w**2 - 8*w + 17. Calculate the remainder when t(2) is divided by 14.
5
Let i = 159 + -124. What is the remainder when i is divided by 12?
11
Suppose 6*n + 1569 = 1683. What is the remainder when 700 is divided by n?
16
Suppose f + o + 0*o - 106 = 0, 0 = -4*f - o + 415. What is the remainder when f is divided by 52?
51
Let w = 0 + 1. Suppose 3*r = -5*a + 16, -3*a + a - 4 = -4*r. Calculate the remainder when 10 + (1 + r)/w is divided by 7.
6
What is the remainder when (-4)/(5/4*33/(-495)) is divided by 17?
14
Suppose 0 = 4*g + n + 1, -10 - 16 = -g + 5*n. Let q = 13 + -10. Suppose -d + 16 = -3*m, 3*d + q*m + 11 + 1 = 0. What is the remainder when g is divided by d?
0
Suppose 0*i = 2*a - 5*i + 65, 0 = -a + i - 37. Let c = a + 49. What is the remainder when 41 is divided by c?
5
Let r(x) = 2*x - 21. Suppose -s = -3*t + 38, -2*t + 29 = -0*s + 3*s. Let i be r(t). Suppose i*g = 6*g - 6. Calculate the remainder when 10 is divided by g.
4
Let o(a) = 5*a**3 - 2*a**2 - a. What is the remainder when o(3) is divided by 9?
6
Let y be 2/(-7) - 228/(-14). Let i = y + -11. Suppose 10*g = i*g + 115. What is the remainder when g is divided by 13?
10
Suppose 0 = -4*f - 22 + 54. What is the remainder when 117 is divided by f?
5
Calculate the remainder when 7 is divided by -2 + -6 + 1 + 9.
1
Let r = -2473 - -2555. Calculate the remainder when r is divided by 1/(((-8)/42)/(-4)).
19
Let q = -3 + 20. Suppose t = 67 - 1. Calculate the remainder when t is divided by q.
15
Suppose 0 = 4*j + 2*d + 30, j = -4*d + 1 - 5. Let f = j + 42. What is the remainder when f is divided by 7?
6
Suppose -5*w + w = -16. Let l be 1 + 179 - w/4. Calculate the remainder when l/4 - (-2)/8 is divided by 16.
13
Let l(z) = -z + 1. Let r be l(-7). Suppose -12 = -5*m + r. What is the remainder when m is divided by 2?
0
Suppose -11*c = -534 + 182. Calculate the remainder when 85 is divided by c.
21
Let n = 5 - 0. Let t(y) = 17*y. Let g be t(5). Suppose -g = -n*w - 0. What is the remainder when w is divided by 5?
2
Suppose 6*a = 2*a + 80. Calculate the remainder when 152 + -69 + (1*-5 - -1) is divided by a.
19
Suppose 65*t - 1690 = 3575. What is the remainder when 235 is divided by t?
73
Suppose -869 = -8*o + 59. What is the remainder when o is divided by 7?
4
Suppose 27*o + 72 = 33*o. Calculate the remainder when 358 is divided by o.
10
Let o = 429 + -322. Calculate the remainder when 2246 is divided by o.
106
Suppose -106 = -5*v + 199. Let a be (-15)/(-45) + (-74)/6. What is the remainder when v is divided by 63*(20/a + 2)?
19
Let l(c) = 12*c**2 + c + 2. Suppose 9*k + 6225 - 6477 = 0. Calculate the remainder when l(2) is divided by k.
24
What is the remainder when 52 is divided by 12*(-5)/10 - -34?
24
Suppose -5*b + 300 = 10. Suppose 4 = 5*o + 2*y, -4*y + 2 = -o - 6. Suppose 5*v + o*v + 5 = p, 2*v + 54 = 3*p. Calculate the remainder when b is divided by p.
18
Suppose 2*y + 2*k - 14 = 0, -2*k + 6 = 4*y - 14. What is the remainder when 4 is divided by (-7 + 4)*((-3)/y)/1?
1
Suppose 0 = 5*t - 2*z - 90, 4*t + 3*z = -z + 44. Calculate the remainder when t is divided by 14.
2
What is the remainder when 782 is divided by 41/3 + 9 + 286/(-33)?
12
Suppose -26*w - 452 + 1778 = 0. Calculate the remainder when 160 is divided by w.
7
Let x = 183 - 158. Calculate the remainder when 121 is divided by x.
21
Suppose 5*a + 5*s = 4*s + 47, -5*s = -2*a + 8. Suppose 2*j = -j - 5*q + 141, -4*j - q + 171 = 0. Calculate the remainder when j is divided by a.
6
Let m = -21 - -37. Suppose -l + 3 = 0, t - 1 + 5 = 3*l. What is the remainder when (75/50)/(3/m) is divided by t?
3
Suppose 2*g + 2*h - 82 - 108 = 0, -3 = h. Suppose 2*z - 4*o + o - 35 = 0, 4*o = 5*z - g. Let r = 21 + -13. Calculate the remainder when z is divided by r.
6
Let y = -172 - -357. Suppose -6*m + y = -5*m. What is the remainder when m is divided by 47?
44
Let f(q) = -q + 8. Let g be (8/3)/((-4)/(-12)). Let n be f(g). Calculate the remainder when 39 is divided by 3 + -6 + 13 + n.
9
Let b(o) = -o + 7. Let c(x) = 3*x - 15. Let f(k) = 7*b(k) + 3*c(k). Calculate the remainder when 47 is divided by f(4).
11
Let x = -22 + 29. Suppose 4*q - x = -3. Let y(b) = 6*b**2 - 1. What is the remainder when 7 is divided by y(q)?
2
Suppose 12*p = -2*o + 8*p + 48, -2*o - 3*p + 53 = 0. Calculate the remainder when o is divided by 1*(2 + -1)*12.
10
Let i be (0 - (-1)/(-1))*-33. Let h be 42/(2/(-1))*(3 - 2). Let f = i + h. What is the remainder when 46 is divided by f?
10
Let g = 161 - 86. Suppose 0 = -3*f + 44*b - 42*b + 61, -17 = -f - b. What is the remainder when g is divided by f?
18
Let c(h) = h**3 + 10*h**2 - 6*h - 35. Calculate the remainder when 70 is divided by c(-10).
20
Suppose 4*b + 18 = 2*z + 4, b - 4*z = 7. Let u be 2/((b + 3)/(-4)). Suppose -78 = -u*f - i, -2*i - 6 = -5*i. Calculate the remainder when f is divided by 10.
9
Let o(l) = l - 13. Let m(b) = -b + 1. Suppose -5*g + 20 = -0*g. Let j(q) = g*m(q) + o(q). What is the remainder when j(-10) is divided by 11?
10
Let s(g) = -g - 16. Let t be s(-7). Let f(l) = -5*l - 10. What is the remainder when f(t) is divided by 9?
8
Suppose 0 = -64*c + 71*c - 4179. Calculate the remainder when c is divided by 11.
3
Let q(g) = -g**2 - 2*g + 13. Suppose 29*i = 28*i - 6. Let a be q(i). Let y = a - -21. Calculate the remainder when 33 is divided by y.
3
Suppose 3*t - 5*w = 151, -94*t - 99 = -96*t + 3*w. Let r = 2 + 12. What is the remainder when t is divided by (-4)/(-14) - (-206)/r?
12
Let p(w) be the third derivative of w**5/60 - 11*w**4/24 - w**3/3 - 4*w**2. Let u be p(8). Let c = -18 - u. What is the remainder when 22 is divided by c?
6
Let r = -6 - -12. Suppose 1578 = 12*d - r*d. Calculate the remainder when d is divided by 33.
32
Suppose 0 = -11*k + 1634 - 292. What is the remainder when k is divided by 62?
60
Let j = 37 + -26. Let c(y) = -y**2 + 19*y 